*b = 1103859. Is p composite?
True
Let a = 34242 + -3485. Is a a prime number?
True
Suppose -1621*p = -1586*p - 3157945. Is p prime?
True
Suppose 0 = 6*j - 34*j + 1680. Suppose -j*d + 45*d + 247545 = 0. Is d a composite number?
True
Let y(r) = 127*r + 3. Let u be y(3). Suppose -6*d = -3*d - u. Let o = d - -175. Is o a prime number?
False
Suppose 254263 = 5*x + 2*a + 10*a, 2*a - 254223 = -5*x. Is x a composite number?
True
Suppose 2*a + 5*l = -0*l + 8, 5*a - 41 = -2*l. Suppose 0 = 12*g - 9*g - a. Suppose -o = g*y - 103, 0*o - 83 = -o + 2*y. Is o prime?
False
Suppose 4*t + 20034 + 93782 = 0. Let k = -7985 - t. Is k composite?
True
Suppose 0 = -167*i - 1002140 + 7786849. Is i a composite number?
False
Let t be (-4)/(-30) - (-16031)/255. Suppose -70*c + 26915 = -t*c. Suppose -1001 = 12*b - c. Is b prime?
False
Is 19681815/65 - (-272)/(-1768) composite?
True
Suppose -42*j - 2*j - 117*j = -43513309. Is j prime?
True
Let a = 410244 - 240185. Is a a prime number?
False
Suppose -9*x = -4*x - 420. Is (-50542)/(-4) + x/56 a composite number?
False
Let f(x) = 3964*x + 335. Is f(2) prime?
True
Let a be (3/(-2))/(4*15/(-760)). Let w = 21 - a. Suppose h = -2*q + 3*h + 2938, -w*q - 5*h + 2952 = 0. Is q a composite number?
False
Let m(o) = 3*o**2 - 2*o + 9. Let u be m(-5). Let z = 162 - u. Is (116/(-16))/((-1)/z) composite?
True
Let y(i) = 7*i**2 + 8*i + 5. Let s be y(7). Suppose -s = -x + 3. Is x a prime number?
False
Suppose 4*j + 2*g = 1265632, -139*j - 2*g = -137*j - 632814. Is j a composite number?
True
Suppose -q = -4*c - 3*q + 4, -2*q = -5*c - 4. Suppose c = 3*m + 74 - 20. Is (1792 + m)*1/2 composite?
False
Let o = -3430 - -7989. Is o prime?
False
Suppose 4*k + 14530 = 3*y + 2*y, -15 = 3*k. Let b = 8384 - y. Is b prime?
False
Is (27 + -20)/(14/276898) a prime number?
True
Is (9991368/(-48))/(1 - (-5)/(-2)) prime?
False
Let l = 393 - 411. Let v(c) = -797*c - 65. Is v(l) composite?
False
Let u be 2/(-6) - (187/(-3) - 4). Let d = 82 - u. Let l = 38 - d. Is l composite?
True
Let w(s) = -2188*s - 16. Let k be w(-4). Suppose k = -6*n + 32670. Is n a prime number?
True
Let r = -15 - -27. Suppose 4 = q + i - 4, -4*i + r = 0. Suppose -2*h + 402 = h + 4*f, -q*f = 0. Is h prime?
False
Let q = -28 + 31. Let k(p) = 248*p**2 - 3*p - 2. Is k(q) a composite number?
False
Suppose 0 = 49*i - 38*i. Suppose -8*y - 9*y + 67439 = i. Is y prime?
True
Let y = 716 - -173. Is y prime?
False
Is (0 + -794)/(-15 + (2 - -11)) a prime number?
True
Let t(w) = w**2 - w + 413. Let y(a) = -a**2 - 3*a + 11. Let f be y(0). Suppose 0 = -15*q + f*q. Is t(q) a prime number?
False
Let r = 1466 - 2292. Let v(n) = 219*n - 9. Let m be v(6). Let t = m + r. Is t a composite number?
False
Suppose 157*l = 14765568 + 50126771. Is l prime?
False
Let n(p) = 1150*p**2 + 38*p + 17. Is n(13) a composite number?
False
Suppose -5*k - j = -35, -4*k = -0*k + 3*j - 39. Suppose t = -3*x - 3, 5*x + 2*t + k = 2*x. Suppose 24*a - 25*a + 485 = x. Is a composite?
True
Let n be 5 + (-2 + 0 - -6). Is 1 + (n - 3) + 6988 a composite number?
True
Suppose 32*i - 15*i = 578. Let f(x) = -x**3 + 8*x**2 + 7*x - 5. Let s be f(9). Let v = i + s. Is v a prime number?
True
Let b = -33 - -31. Let d be 6*(b - (-20)/8). Suppose -d*f + 2*f = u - 89, 4*f + 154 = 2*u. Is u a composite number?
True
Suppose 5*a + 25 = 0, a + 33 = v + 6. Suppose -1 = -v*y + 21*y. Is 72 + (0 - y) + 2 - -1 a composite number?
True
Suppose 63*r - 12 = 59*r. Suppose 596 = r*h - 2263. Is h a prime number?
True
Suppose -16*u = -21*u + 20. Suppose 4*g - 9720 = -4*o, 7*g - 7283 = 4*g + u*o. Is g prime?
False
Let c(o) = -9*o - 64. Let v = -11 + 17. Let f be c(v). Let w = 229 + f. Is w composite?
True
Let o(d) = 2292*d**2 - 113*d + 86. Is o(5) a composite number?
False
Let r(z) = 17*z**3 - 5*z**2 + 17. Let s be r(-7). Let d = s + 14878. Is d composite?
False
Suppose -4*f + 0*f = -3*k - 36, 3*f = 4*k + 27. Is 62193/f + (-20)/(-30) composite?
False
Suppose 5*t + 49 = 3*x, 0 = -5*x - t + 3*t + 69. Suppose 7*r - x*r = 6*r. Suppose r = 4*k - 20, 0*f - 3*k - 1325 = -4*f. Is f a composite number?
True
Let g = -128884 + 369435. Is g prime?
True
Is (112/14 + 363409)/((-10)/(-7) + -1) a composite number?
True
Suppose -t - 12*m + 10*m + 2625 = 0, -3*t + 3*m = -7857. Let b = t + -964. Is b a composite number?
False
Let m(j) be the second derivative of 13*j**6/120 - 17*j**5/120 - 23*j**4/12 - 21*j. Let p(d) be the third derivative of m(d). Is p(20) a composite number?
False
Let q(p) = 55810*p - 303. Is q(2) a composite number?
False
Let y be 2562/(-28)*(-10)/(-3). Let i be (-2)/1 + 0 + 4 - y. Suppose 16*z - i = 15*z. Is z a composite number?
False
Let s(h) = h**3 - 14*h**2 + 12*h + 18. Let f be s(13). Suppose 4*x = -f*q + 15149, -x = 4*x - 5*q - 18880. Is x a prime number?
False
Suppose -94*c - 97*c + 95185657 = 116*c. Is c prime?
False
Let u(w) = -1657*w. Let b be u(-2). Suppose -282*c = 123*c + 95657 + 648328. Let t = b + c. Is t a composite number?
True
Let t(f) = 3890*f**3. Let b = 140 - 139. Let u be t(b). Suppose g + 3*g + 5*l = 7780, 2*g = 5*l + u. Is g a composite number?
True
Let d(w) = 1065*w**2 + 83*w + 461. Is d(-5) prime?
False
Suppose 3608445 - 887736 = 27*i. Is i composite?
True
Let b(w) = 89*w + 315. Is b(16) a prime number?
False
Let z be -1436 + (1 - (-1 + 4 + -1)). Is z*((-8)/(-3) + (-10 - -7)) prime?
True
Suppose -255 = 12*d - 303. Suppose -5*h - d*r + 40800 - 9145 = 0, 0 = 3*h - 3*r - 18993. Is h a composite number?
True
Let d(z) = 2*z**3 + 93*z**2 - 97*z - 1005. Is d(62) a composite number?
False
Let p = -717 + 8271. Suppose 0 = 37*t - 39*t + p. Is t prime?
False
Suppose -48704 = 120*g - 124*g. Let d = g + -8434. Is d a composite number?
True
Let a(t) = 1149*t**2 + 3*t + 31. Is a(-7) a prime number?
True
Let g be ((-333)/2)/(-3) + 7/(-14). Suppose 60*k - 47605 = g*k. Is k a prime number?
True
Let d(t) = 2015*t - 35. Let b = 155 + -147. Is d(b) prime?
False
Is 50223 + (-18 + 10)*2 a composite number?
False
Let c(q) = -q**3 - 20*q + 17*q**2 + 6*q**2 + 0*q**2 - 917 + 876. Let t be c(22). Suppose -t*s + 4*l + 8505 = 0, -s + 2540 = 3*l - 282. Is s composite?
True
Is (6/36*142*-5139)/(-1*3) composite?
True
Let n = -270 + 268. Let d(u) = 0*u + 0 + 157*u**2 - u + 1. Is d(n) composite?
False
Let l(s) = 42 + 583*s + 44 - 81. Let b be l(1). Suppose -2*o - 1 + b = c, -o - 581 = -c. Is c a composite number?
True
Let s = 1409 + -2552. Let c = s + 2650. Is c a composite number?
True
Let a(z) = -3*z**3 - z**2 + 4*z - 2. Let j be a(1). Let k(v) = -8*v**3 - 2*v**2 - 2*v + 2. Let s be k(j). Is s*(51/18 + 3/(-9)) a prime number?
False
Let j be 36725/143 - (-4)/22. Suppose j*p - 149 = 256*p. Is p a composite number?
False
Suppose -4*t - 344 = -4*z, 2*t = z - 158 - 17. Let a = -19 + -257. Let o = t - a. Is o a prime number?
False
Suppose -4*t + 255 = -2*h + 35, 3*t - h - 163 = 0. Suppose -3*j - 4*d + t = 2*j, -j = -5*d - 28. Suppose 11*u - j*u + 370 = 0. Is u prime?
False
Let a = 18643 - 26263. Let q be ((-50)/35)/(-5) + a/14. Let l = -251 - q. Is l a composite number?
False
Let g be ((-5)/(-4))/((-3)/(-12)). Let i(a) be the third derivative of 311*a**4/24 - a**3/3 + 93*a**2. Is i(g) prime?
True
Let j be -41 - (-2 - 2 - (-7 + 2)). Is 2721/((-9)/j*2) a composite number?
True
Suppose 3*n - 22280 = n + 5*k, 0 = n - 3*k - 11140. Suppose 6*j + n = 34582. Is j a prime number?
True
Let n(w) = -10*w + 53. Let f be n(5). Suppose -2*b = -f*h + 29519, 12676 - 52030 = -4*h + 5*b. Is h a composite number?
True
Suppose 3*u + 44 = 5*f, 3*f - 2*u - 13 = 2*f. Suppose -38669 - 11738 = -f*i. Is i a composite number?
True
Is 39/(-91)*7 + 4 + (348193 - 1) composite?
True
Let g = 29 - 25. Suppose -5*z - 10 = -4*d, -g*d + 16 = -z - z. Suppose -z*x + x = -521. Is x a composite number?
False
Let b(t) = 458*t**2 - 61*t - 713. Is b(-10) composite?
False
Let s(c) = c**3 + 12*c**2 + 27*c + 7. Let o be s(-10). Let v be (-4)/8*4 + -2. Is v/14 + (-18477)/o prime?
True
Let o be (-2)/3*378108/72. Let c = -724 - o. Is c a prime number?
True
Let y(m) be the second derivative of -1825*m**3/6 - 19*m**2 - 72*m. Is y(-3) composite?
False
Suppose -261*r + 938042 = -247*r. Is r prime?
True
Suppose -5*c - 2*p = -47, 3*c = -2*c - 5*p + 50. Suppose -7*n + c*n + 4*z - 1822 = 0, -3*n + 3*z + 2715 = 0. Is n composite?
Fa